= 3*s + 1. Determine j(w).
-2
Let z(k) be the third derivative of 1/60*k**5 - 10*k**2 + 1/3*k**4 + k**3 + 6 + 0*k. Calculate z(-6).
-6
Suppose 25*w = 40*w + 555. Let i = w - -39. Let x(h) = -2*h**2 - 3*h + 2. Determine x(i).
-12
Suppose -5*i - 34 = 21. Let j(o) be the third derivative of -o**5/60 - o**4/2 - o**3/6 - 2*o**2 + 95*o - 8. Calculate j(i).
10
Let g(b) = -2*b**2 + 15*b - 13. Let i be (2156/1848)/(2/12). Determine g(i).
-6
Let k(n) = -n - 4. Let w be (-219)/9 + (-1)/(-3). Let q = w - -15. Let c be k(q). Let s(v) = v - 3. Give s(c).
2
Let v(u) = -66 + 150 + u - 2*u - 100. Let f(y) = y**2 + y - 9. Let m be f(0). Determine v(m).
-7
Suppose -40 = 4*t + 4*f, 10*f = 6*f. Let q be 2 + 3/4 - t/40. Let i(g) = 1 + 5 + q - 5*g - 13. What is i(-3)?
11
Suppose 3*l - 463 + 100 = 0. Suppose -l*w - 54 = -127*w. Let c(f) = f**2 - 10*f + 9. What is c(w)?
0
Let z be -1 + (-3 - (-9)/3). Let a(b) = 1. Suppose -18 = -2*k + 6*y, 3*k = 4*y + 12 + 10. Let u(c) = -c**2 - 6*c + 13. Let s(i) = k*a(i) + z*u(i). Give s(-5).
-12
Let r(i) = 11*i**2 - 55*i - 69. Let g(j) = 4*j**2 - 19*j - 24. Let a(s) = 8*g(s) - 3*r(s). Determine a(11).
37
Let v(o) = 19 - 43*o + 7*o + 34*o + o. Suppose j + 2*c - 1 = c, 5*c = -j + 5. Calculate v(j).
19
Suppose 2*v + 2*l + 10 = -26, 2*l - 62 = 5*v. Let j be 26/(-91) - (-52)/v. Let o(b) = -b**3 - 4*b**2 + 4*b + 4. Calculate o(j).
-12
Let q(r) = 4*r**3 - 2*r**2 - r + 1. Let f(u) = -11*u**3 - u**2 + 12*u - 4. Let k(h) = f(h) + 3*q(h). What is k(7)?
62
Let x(c) be the first derivative of c**4/4 - c**3 - c**2 - 12*c - 341. Determine x(4).
-4
Let n(l) = -4*l - 8. Let w(r) = 5*r + 14. Let t(q) = -5*n(q) - 3*w(q). What is t(11)?
53
Suppose 17 = 10*m - 3. Let c be (m/(-6))/((-11)/99). Let y(k) = -5*k**2 - 17*k**3 + 33*k**3 - 17*k**c - 6. Determine y(-5).
-6
Let u(k) be the third derivative of -k**5/60 - 5*k**4/12 - 10*k**3/3 - 496*k**2. What is u(-10)?
-20
Let k(i) be the first derivative of i**2/2 + i + 352. Determine k(5).
6
Let n(z) = -z**2 - 4*z. Let b = 68 + -60. Let x(f) = -5*f - 2*f**3 - 5*f**2 - b*f + 3 + 3*f + 15*f. Let o be x(-3). Give n(o).
3
Let s(q) = 2*q - 4462*q**3 + 10*q**2 + 2233*q**3 + 2230*q**3 + 2 - 4*q**2. Calculate s(-5).
17
Let d be 2/5 + 96/(-15). Let i(l) = 1. Let n(b) = -5*b + 6. Let h(r) = -3*i(r) - n(r). Let a(u) = u - 1. Let v(o) = 6*a(o) - h(o). Calculate v(d).
-3
Let x(h) = 2*h + 1. Let v(l) = l. Let q = -9 + 20. Let i(y) = q*v(y) - 4*x(y). Let m(g) = g**2 + g - 68. Let w be m(8). Determine i(w).
8
Let l be 88/(-14) + (-4)/(-14). Suppose 0 = 10*i - 13*i + 9. Let z(o) = 4*o - 9*o + i*o + 0 - 5 + o. Give z(l).
1
Let g(d) be the second derivative of -d**4/12 - 5*d**3/3 + 9*d**2/2 - 6*d + 52. Calculate g(6).
-87
Let g(o) = -5*o - 21. Suppose 29*c - 228 + 344 = 0. Determine g(c).
-1
Let y(b) = -362 + 49 - 32*b + 26 + 6*b - 570. Give y(-33).
1
Suppose 3*h = -3*r, r - h - 3 - 3 = 0. Suppose 3*v + t = 23, -v + 5*t = -r*v - 2. Let d(f) = f**2 - 9*f - 9. Calculate d(v).
-9
Let j(w) = -4*w - 5. Let l(t) = 4*t + 5. Let a be l(-6). Let f(q) = q**3 + 20*q**2 + 22*q + 50. Let u be f(a). Determine j(u).
23
Let n = -26 + 15. Let m be (n/2)/(7/14). Let o = m + 12. Let c(x) = -6*x**2 - 2*x + 1. Give c(o).
-7
Let p(c) = -c**3 + 11*c**2 + 10*c + 28. Let v be p(12). Let q(z) = -z - 5 - 2*z**2 - 4*z**2 + v + 2*z. What is q(1)?
-6
Let g(o) = 3 + o - 5 - 5*o + 3. Suppose 5*x + 10 = -5. Let p be -5 + (-3)/(-3) - x. Determine g(p).
5
Let q(j) = 11*j - 1. Let i be (36/(-15) - -2)*(-6 + -39). Let s be (-158)/i - (-10)/(-45). Let u = s + 10. Calculate q(u).
10
Let a(z) = -8*z + 7*z**2 - 20*z**2 + 12*z**2 + 0 - 6. Suppose 0*v + 15 = 5*v, 2*v - 11 = u. Determine a(u).
9
Let p = 19 + -30. Let u = p - -19. Let i(g) = g**2 - u*g + 9*g - 9*g + 0*g**2 + 9. What is i(7)?
2
Let k(j) = 50*j + 89. Let n be k(-2). Let a(o) = 3*o + 14. Calculate a(n).
-19
Let y(j) = -1062*j - 3330. Let g(z) = 67*z + 208. Let n(k) = -63*g(k) - 4*y(k). What is n(-8)?
0
Let v be 132/42 + 1/(-7). Let i(n) = -692*n**v + 355*n**3 - 1 - 2*n**2 + 2*n + 358*n**3. Calculate i(1).
20
Let q(a) = 5*a**2 + 25105*a - 5*a**2 + 227 - 25044*a + a**2. Determine q(-4).
-1
Let n(x) = x**3 + 14*x**2 + 12*x + 1. Suppose 12 = -3*p - s - 34, 11 = -3*p + 4*s. Give n(p).
14
Let z = 138 - 162. Let u(p) = -p**2 - 26*p - 52. Let i be u(z). Let c(b) = -2*b - 1. Calculate c(i).
7
Let t(k) = -3*k**2 + k + 127. Let v be t(0). Let l = v - 133. Let m(s) = -s**3 - 7*s**2 - 9*s - 2. Give m(l).
16
Suppose -3*o + 464 = o. Let s = o - 108. Let q be -4 + s - 4 - 18/(-2). Let k(n) = n - 3. What is k(q)?
6
Let x(r) = 2*r**2 + 16*r - 3*r**2 - 36 - 16*r**2 + 5*r**2 + 11*r**2. Give x(15).
-21
Let m(g) = -13*g + 96. Let z be m(7). Let j(u) = -u**3 + 5*u**2 - 3*u + 10. Calculate j(z).
-5
Let i(u) = 26*u - 1. Let q(b) = -5*b + 1. Let k(m) = i(m) + 6*q(m). Let f be -2 + (-7)/4*-4. Calculate k(f).
-15
Suppose -f - 1 = -3*f + o, 0 = 4*f - 5*o + 7. Let l(w) = 3*w**2 - w**f - 11*w - 3 + 7*w. Suppose -2*n = 5*j - 2*j + 4, 9 = -4*j + n. What is l(j)?
13
Suppose 1278*b - 24 = 1266*b. Let j(h) be the third derivative of -h**b + 1/60*h**5 + 0*h + 0 + 1/4*h**4 - 1/6*h**3. Calculate j(-5).
-6
Let n(l) = 9*l**2 - 3*l - 11. Let a(k) = 5*k**2 - k - 6. Let u(h) = -7*a(h) + 4*n(h). Let t(c) = -c - 7*c + 6*c. Let j be t(-2). Calculate u(j).
-6
Let a = 4160 + -4181. Let r(m) = -m**2 - 23*m - 35. Determine r(a).
7
Suppose -19 = 5*b + 5*d - 49, 4*b - 3*d - 3 = 0. Let j(s) be the third derivative of -s**4/6 + s**3 - 6*s**2 - 3*s. Calculate j(b).
-6
Let h(s) = -s**2 + s + 2. Let m(x) = 3*x**2 - 6*x - 9. Let k(z) = -2*z**2 + 5*z + 10. Let f(t) = -2*k(t) - 3*m(t). Let p(u) = f(u) - 6*h(u). Give p(-4).
3
Let s(k) = -k**2 - 10*k - 12. Let p = -6339 + 6330. Determine s(p).
-3
Let y(v) be the first derivative of -4/3*v**3 + 2*v + v**2 + 85 + 1/4*v**4. What is y(2)?
-2
Let r(d) = -20*d**2 - 35*d - 21. Let g(j) = 7*j**2 + 12*j + 7. Let u(m) = 17*g(m) + 6*r(m). Suppose 15 = -2*c - c. What is u(c)?
-2
Let l(z) = 18*z - 29. Suppose 44*x + 700 = -14*x - 42*x. Determine l(x).
-155
Let h = -2667 - -2679. Let a(j) = -6*j + 76. Give a(h).
4
Suppose 8*y + 3051 = -179*y - 152*y. Let k(c) = -6*c**3 - 2*c**2 + 14*c + 13. Let u(g) = g**3 - g**2 + g. Let h(z) = k(z) + 5*u(z). Determine h(y).
4
Suppose -2124*q - 36 = -2130*q. Let b(f) = 3*f - 15. Let m be b(q). Let z(g) be the third derivative of g**5/60 - 7*g**4/24 + g**3/6 - 2*g**2. Determine z(m).
-11
Let h = -5 + 0. Let v = 7 + h. Let u(q) be the first derivative of -q**3 - q**2/2 + 2893. Determine u(v).
-14
Suppose 305 + 295 = j. Suppose -5*k = k - j. Let s = k - 94. Let d(m) = -m**2 + 7*m - 2. Give d(s).
4
Let w(z) be the second derivative of -z**3/2 - 5*z**2 - 460*z. Calculate w(2).
-16
Let w(n) = -5*n**3 - 29*n**2 - 12*n + 14. Let y(g) = -14*g**3 - 84*g**2 - 36*g + 40. Let p(c) = -17*w(c) + 6*y(c). Let v be 3*(1 - (-3)/1). Determine p(v).
2
Let b be 0*((-7)/12 + (0 - (-9)/36)). Let r(n) = 3*n**3 + 4*n**2 + 2*n + 7. Let f(d) = d**3 + d**2 + d + 2. Let o(a) = 7*f(a) - 2*r(a). What is o(b)?
0
Let r(l) = l**2 + 4*l + 4. Let p(s) be the third derivative of -s**6/120 - s**5/10 + 3*s**4/8 + 11*s**3/6 - 19*s**2. Let u be p(-7). Give r(u).
1
Let z(m) = -5*m**2 - 3*m + 106. Let t(d) = -18*d**2 - 13*d + 393. Let b(j) = -6*t(j) + 22*z(j). What is b(6)?
-26
Suppose -30*o - 52 = -9*o - 8*o. Let u(a) = -a**3 - 3*a**2 + 9*a + 13. Give u(o).
-7
Let r = 2 - -2. Let l = -6 + r. Let q(d) be the first derivative of -d**4/4 - d**3 - d**2 + 2*d - 110. Determine q(l).
2
Suppose -43*w + 47*w - 2*h - 426 = 0, -w - 5*h = -90. Suppose 98 = -y + w. Let c(o) = -2*o + 4. Give c(y).
-10
Let d(m) = 19*m**2 + 26*m + 12. Let v(p) = 6*p**2 + 7*p + 4. Let t(a) = 2*d(a) - 7*v(a). Calculate t(2).
-14
Let s(i) = -7*i**3 - 23*i**2 - 3*i + 53. Let l(b) = -6*b**3 - 21*b**2 + 51. Let a(o) = -6*l(o) + 5*s(o). Determine a(-12).
-5
Let c(w) = 3*w**2 + 36*w - 73. Let f be (-36 - -21) + 18 - 1. Calculate c(f).
11
Suppose 27*h = 575 - 35. Let b(x) = -x**3 + 19*x**2 + 23*x + 22. Give b(h).
82
Let g(v) be the second derivative of -v**3/3 + 3*v**2 + 4*v. Let o be -21*(-1)/18*(-21 + 5 - -22). Calculate g(o).
-8
Let f = 2569 - 2570. Let l(k) = -51*k**3 + k**2 + 3*k + 2. Determine l(f).
51
Suppose -4*g + 5*f = -54, -124*f = -g - 127*f - 12. Let n(d) = -2*d**2